f 2027036830?
0
What is the hundred millions digit of 326146802?
3
What is the thousands digit of 108507919?
7
What is the tens digit of 256679045?
4
What is the millions digit of 202183305?
2
What is the tens digit of 2790303764?
6
What is the tens digit of 1656227181?
8
What is the units digit of 64958821?
1
What is the millions digit of 316702978?
6
What is the hundreds digit of 459323901?
9
What is the thousands digit of 2342826?
2
What is the units digit of 1412842079?
9
What is the tens digit of 39985247?
4
What is the thousands digit of 3024697790?
7
What is the ten millions digit of 40436681?
4
What is the tens digit of 34157330?
3
What is the ten thousands digit of 782364035?
6
What is the ten thousands digit of 272936701?
3
What is the hundred millions digit of 1061889908?
0
What is the hundreds digit of 376356842?
8
What is the ten millions digit of 445837473?
4
What is the hundreds digit of 163644964?
9
What is the ten thousands digit of 1545938432?
3
What is the hundreds digit of 13671473?
4
What is the ten millions digit of 344681455?
4
What is the hundreds digit of 1287838000?
0
What is the tens digit of 504759489?
8
What is the millions digit of 423915512?
3
What is the hundred thousands digit of 447200273?
2
What is the millions digit of 3644749211?
4
What is the hundred thousands digit of 59062393?
0
What is the ten thousands digit of 1728389176?
8
What is the tens digit of 15416299?
9
What is the tens digit of 341194660?
6
What is the hundreds digit of 1007169717?
7
What is the ten thousands digit of 1908289?
0
What is the tens digit of 32392165?
6
What is the thousands digit of 74637922?
7
What is the millions digit of 2439402713?
9
What is the millions digit of 69818465?
9
What is the hundred millions digit of 242122045?
2
What is the tens digit of 19824839?
3
What is the billions digit of 5298975606?
5
What is the hundreds digit of 1091216805?
8
What is the hundred thousands digit of 661135107?
1
What is the hundreds digit of 252348962?
9
What is the billions digit of 2719110925?
2
What is the hundreds digit of 522738703?
7
What is the millions digit of 65702504?
5
What is the hundred thousands digit of 48509099?
5
What is the hundred thousands digit of 318441946?
4
What is the tens digit of 303902353?
5
What is the ten millions digit of 175858262?
7
What is the thousands digit of 5574839988?
9
What is the ten thousands digit of 1013216103?
1
What is the units digit of 21019053?
3
What is the hundreds digit of 86369186?
1
What is the units digit of 335034536?
6
What is the hundred thousands digit of 138810611?
8
What is the hundred millions digit of 419053624?
4
What is the tens digit of 5207400295?
9
What is the hundred millions digit of 121074767?
1
What is the ten millions digit of 69916366?
6
What is the ten thousands digit of 272421546?
2
What is the hundreds digit of 9719316?
3
What is the tens digit of 4374488409?
0
What is the ten millions digit of 5254194569?
5
What is the hundred millions digit of 896944414?
8
What is the tens digit of 103358831?
3
What is the ten thousands digit of 97931467?
3
What is the units digit of 1943133656?
6
What is the hundreds digit of 62213049?
0
What is the units digit of 52975104?
4
What is the millions digit of 658758017?
8
What is the units digit of 302926158?
8
What is the thousands digit of 19371137?
1
What is the hundred thousands digit of 10754206?
7
What is the ten millions digit of 911556043?
1
What is the thousands digit of 2273131147?
1
What is the thousands digit of 39532843?
2
What is the ten millions digit of 7799800837?
9
What is the hundreds digit of 21350965?
9
What is the units digit of 759976265?
5
What is the hundreds digit of 46300649?
6
What is the units digit of 56403992?
2
What is the hundreds digit of 414374148?
1
What is the ten thousands digit of 644728630?
2
What is the thousands digit of 678792575?
2
What is the tens digit of 203046675?
7
What is the millions digit of 463323352?
3
What is the tens digit of 76220404?
0
What is the units digit of 538181493?
3
What is the units digit of 3379282400?
0
What is the tens digit of 152115800?
0
What is the hundred thousands digit of 327451543?
4
What is the ten thousands digit of 818872810?
7
What is the ten millions digit of 474672811?
7
What is the billions digit of 6968410335?
6
What is the units digit of 29792462?
2
What is the ten millions digit of 286267747?
8
What is the ten thousands digit of 410664811?
6
What is the hundred thousands digit of 166856911?
8
What is the hundreds digit of 366170589?
5
What is the ten millions digit of 1811282176?
1
What is the ten thousands digit of 94357865?
5
What is the hundred millions digit of 1363342493?
3
What is the hundred millions digit of 2371502547?
3
What is the units digit of 429654773?
3
What is the millions digit of 39690078?
9
What is the millions digit of 11131442?
1
What is the tens digit of 645347120?
2
What is the millions digit of 185656491?
5
What is the ten thousands digit of 4910264975?
6
What is the millions digit of 751405977?
1
What is the hundreds digit of 498433556?
5
What is the billions digit of 1097483445?
1
What is the thousands digit of 48494003?
4
What is the ten thousands digit of 1550790906?
9
What is the ten millions digit of 472796357?
7
What is the units digit of 321754187?
7
What is the millions digit of 35511042?
5
What is the ten thousands digit of 169927997?
2
What is the tens digit of 523951207?
0
What is the hundreds digit of 3761191073?
0
What is the units digit of 102800051?
1
What is the millions digit of 413072732?
3
What is the hundreds digit of 1085081209?
2
What is the tens digit of 249515704?
0
What is the thousands digit of 5670310?
0
What is the millions digit of 32989681?
2
What is the hundreds digit of 13251221?
2
What is the ten millions digit of 216927039?
1
What is the ten millions digit of 1517624813?
1
What is the units digit of 32688830?
0
What is the hundred millions digit of 373799100?
3
What is the ten thousands digit of 1112962790?
6
What is the tens digit of 2128751295?
9
What is the hundred millions digit of 5802691441?
8
What is the ten millions digit of 1759143415?
5
What is the thousands digit of 20102228?
2
What is the thousands digit of 5567835441?
5
What is the ten thousands digit of 140044553?
4
What is the tens digit of 1291806672?
7
What is the thousands digit of 1863232132?
2
What is the ten thousands digit of 847234269?
3
What is the ten thousands digit of 72367316?
6
What is the thousands digit of 881452257?
2
What is the hundred millions digit of 2199835619?
1
What is the tens digit of 334688902?
0
What is the hundred millions digit of 311576446?
3
What is the units digit of 1537208107?
7
What is the millions digit of 25838422?
5
What is the ten millions digit of 158064665?
5
What is the thousands digit of 2473097664?
7
What is the units digit of 66758889?
9
What is the hundred millions digit of 273959842?
2
What is the hundred thousands digit of 8991754?
9
What is the tens digit of 65362822?
2
What is the ten millions digit of 107007464?
0
What is the millions digit of 44948535?
4
What is the ten millions digit of 370620219?
7
What is the hundred millions digit of 315804366?
3
What is the hundred millions digit of 102427894?
1
What is the thousands digit of 6350910902?
0
What is the ten thousands digit of 31572258?
7
What is the ten millions digit of 65872686?
6
What is the hundred thousands digit of 1705005290?
0
What is the thousands digit of 330277201?
7
What is the millions digit of 21989291?
1
What is the thousands digit of 77121202?
1
What is the millions digit of 73553061?
3
What is the millions digit of 78503772?
8
What is the hundred thousands digit of 77712913?
7
What is the ten thousands digit of 84484319?
8
What is the units digit of 249837193?
3
What is the tens digit of 140168374?
7
What is the thousands digit of 135663174?
3
What is the ten thousands digit of 15608138?
0
What is the thousands digit of 536892698?
2
What is the tens digit of 173341860?
6
What is the millions digit of 25696394?
5
What is the units digit of 1676912192?
2
What is the millions digit of 4770721?
4
What is the ten millions digit of 3093725105?
9
What is the ten millions digit of 32630513?
3
What